erivative of 3 + 2*j + 1/4*j**4 - j**3 - p*j**2. Give f(4).
-6
Let i = -1 - -2. Suppose 2 = r + i. Let y(v) = v - 2 + 1 - v**2 + 5*v - 3*v. What is y(r)?
1
Let v(s) = -s**3 - 4 - 5*s**2 + 2*s + 3 - 3*s. Calculate v(-2).
-11
Suppose i - 2*h = -3*i - 10, 5*h = -i + 25. Let d = 6 + -3. Let q(p) = 2*p**3 + 3*p**d - 4*p**3 - 2. Determine q(i).
-2
Let n(l) = l**2 - 5*l - 1. Let z be n(5). Let m(o) = 2*o + 0 + o**2 + 1 - 13*o**3 + 3*o**3. Determine m(z).
10
Let y(q) be the third derivative of -q**4/24 - 7*q**3/6 - 16*q**2. Calculate y(-5).
-2
Let d(t) = -11*t + 1. Let p(i) = 12*i - 1. Let a(v) = -5*d(v) - 4*p(v). What is a(-1)?
-8
Let h(m) = -5*m**3 + m**2 - m - 1. Let o(b) = b**2 + 5*b - 5. Let l be o(-5). Let j be (-16)/l + (-1)/5. Suppose 2*u + j = -u. Calculate h(u).
6
Let f be 33/9 - (-8)/(-12). Let j(s) = -s**2 - s + f*s - 3*s - 5. Let r be ((-1 - -1)/(-2))/(-1). Determine j(r).
-5
Let a(j) be the first derivative of j**6/72 - j**5/120 + j**4/24 + 4*j**3/3 + 4. Let o(b) be the third derivative of a(b). What is o(1)?
5
Let w(x) = 8*x. Let p(s) = s - 4. Let b be p(9). Suppose 3 = 3*f - 5*l, -5*f = 2*l - 4*l - b. What is w(f)?
8
Let z(q) = 3*q. Let f(j) = -7*j + 1. Let p(h) = 2*f(h) + 5*z(h). Determine p(0).
2
Suppose 2*q + 3*z = 8 + 4, 5*q - z - 13 = 0. Let o(a) = -a**3 + 3*a**2 + 3*a + 2. What is o(q)?
11
Let z(a) = 4*a - 3*a - 2*a - a. Calculate z(1).
-2
Let p be 2 + 6/(-2) + 6. Suppose 7 = 5*o - 13. Let q(t) = -3*t**2 + t - 8. Let d(v) = v**2 - v + 1. Let i(k) = o*d(k) + q(k). Give i(p).
6
Let t(b) = -b**3 - 11*b**2 - 10*b + 2. Let r be t(-10). Let p(k) = -3*k. Determine p(r).
-6
Let i(w) = w + 1. Let t(d) = d**2 - 11*d - 1. Let r(l) = -5*i(l) - t(l). Let p = -6 + 9. Determine r(p).
5
Let m(u) = -4*u + 9. Let a(n) = n + 1. Let d(i) = -4*a(i) + m(i). Determine d(4).
-27
Let s(x) = 2*x - 6. Let k(c) = c**3 - 7*c**2 + 9*c - 14. Let y be k(6). What is s(y)?
2
Let y = 2 + 3. Let k(a) = a**2. Let x(j) = 3*j**2 + 3*j - 2. Let g(q) = y*k(q) - x(q). What is g(2)?
4
Let b(r) = -17*r**2 - r. Let t = -110 - -109. Give b(t).
-16
Let z(w) = w**3 - 6*w**2 + 2*w + 3. Let t(s) be the third derivative of 1/3*s**3 + 0 - 1/24*s**4 + 3*s**2 + 0*s. Let d be t(-3). What is z(d)?
-12
Let t(a) = a**2 + 7*a + 7. Let l be t(-8). Let p = l - 4. Let j = 16 - p. Let c(b) = -b**2 + 5*b - 5. Give c(j).
-5
Let f(c) = -5*c**3 - c**2 + 3*c + 2. Let p(u) = 4*u**3 - 3*u - 2. Let g(h) = 5*f(h) + 6*p(h). Determine g(-4).
-6
Let b(u) be the third derivative of -u**6/60 + u**4/24 - u**2. Let y(o) = -o**3 - 4*o**2 - o - 3. Let m be y(-4). Calculate b(m).
-1
Let s be 4/10 + 3/5. Let x(p) = 5*p + 1 + 4*p - 3*p. Let w(a) = 6*a + 1. Let t(k) = 7*w(k) - 6*x(k). Give t(s).
7
Suppose 5*n = 15 + 5. Let w(d) = 2*d + 3. Determine w(n).
11
Let h = -65 + 173. Let k be (-6)/10 - h/(-30). Let w(f) = -f**2 + 3. Determine w(k).
-6
Let s(n) be the second derivative of -n**5/20 + 7*n**4/12 + n**3/6 - 5*n**2/2 + 6*n. Calculate s(7).
2
Let s(i) = 9*i. Let u(r) = -5*r - 4. Let p(j) = 9*j + 7. Let k(o) = -4*p(o) - 7*u(o). Let y(n) = 12*k(n) + s(n). Let d = 4 - 6. Calculate y(d).
6
Suppose 3*y + 6 = -2*z, 4*y + 5 + 10 = -5*z. Let f(o) = o - 2. Calculate f(z).
-5
Let c(s) = 4*s - 4. Suppose 0 = 3*f - i - 8, -2*i = -4*i + 2. Calculate c(f).
8
Let f(d) = -d**2 - 2*d + 4. Let a(m) = -m**2 + 5*m - 2. Let u be a(4). Suppose u = k - 0*k. Suppose 5*z + 2*r = -23, -4*z - k - 2 = -2*r. Determine f(z).
1
Let l(k) = 3*k + k - k. Let o(a) = a**3 + 8*a**2 + 6*a - 10. Let n be o(-7). Give l(n).
-9
Let d(j) = -2*j**3 + j**2 - 1. Let z(o) = -o + 13. Let i(n) = -n + 14. Let m(u) = 2*i(u) - 3*z(u). Let f be m(10). Determine d(f).
2
Let z be 4/10 + 106/10. Let k(c) = -c**3 + 11*c**2 - 5. Let q be k(z). Let m(b) = b + 2. Determine m(q).
-3
Suppose 5*q + 2*q = -7. Let v(z) = -7*z**3 + z + 1. Calculate v(q).
7
Let p = -5 - -3. Let i(d) be the first derivative of -d**3/3 - d**2 + d - 5. Calculate i(p).
1
Let x(i) be the first derivative of i**3/3 + 3*i**2/2 - 2*i + 2. Let b be x(-4). Let t(p) = -p**2 - 1 + b + 4*p + 0. Calculate t(3).
4
Let y(a) = a**3 + 12*a**2 + 10*a + 5. Let l be y(-11). Let i be l/28*(6 + 1). Let c(g) = -4*g + 3. Determine c(i).
-13
Let d(s) = 2*s**2 - 10*s + 12. Let f be d(5). Suppose -6*z + f = -24. Let h(q) be the first derivative of -q**3/3 + 3*q**2 + 7*q + 1. Give h(z).
7
Let o = 6 + -4. Suppose o*x = 3*x + 5. Let f(t) = -t - 2. Let j(k) = 2*k + 3. Let b(c) = 3*f(c) + 2*j(c). Determine b(x).
-5
Let w = 4 - 0. Let q(t) = -t**3 + 5*t**2 - 5*t + 6. Calculate q(w).
2
Let o(d) = 2*d - 2. Let z(u) = u + 2. Let a be z(-4). Let i(y) = 2*y - 1. Let h(c) = a*o(c) + 3*i(c). Suppose -4*x - 23 = j - 0*x, 5*j = 3*x. What is h(j)?
-5
Let d(f) be the first derivative of 7*f**3/3 - 2*f**2 - 5*f - 6. Let r(l) = -3*l**2 + 2*l + 2. Let a(i) = -4*d(i) - 9*r(i). Give a(-3).
-1
Let g(t) = -t + 6. Let j be g(6). Let b(n) = j + 5 - 1 + n. Let q = -36 - -32. What is b(q)?
0
Let b(l) be the first derivative of 1 + 9/2*l**2 + 0*l. Let q = -5 - -4. Calculate b(q).
-9
Let c(f) be the second derivative of 0 - 7/6*f**3 - 1/12*f**4 - 7/2*f**2 + 10*f. Let t = -13 - -7. What is c(t)?
-1
Let o(p) = -21*p**3 - 1. Suppose -3*m = -150 + 147. Calculate o(m).
-22
Let p(s) = s**2 - 4*s - 5. Let b be 0/(-6) + 1 + 5. Let q = b - 15. Let n be 3/(-2)*24/q. Calculate p(n).
-5
Let p(v) = -v + 14. Suppose 13*b + 11 = 14*b. Give p(b).
3
Let a(h) = 28*h + 25*h - 47*h - h**2 - 6. Let j = 6 - 0. Determine a(j).
-6
Let a(i) = -2*i + 3 + 3*i + i. Suppose 49*n - 54*n = 15. Calculate a(n).
-3
Let r(j) = -7 + 2*j**2 - 31*j - 3*j**2 + 23*j. Let q = 4 - 2. Suppose v + q*i = 1, 2*v - 5*i + 20 = v. Determine r(v).
8
Suppose 3*o + 4*m - 13 = 0, -5*o - 3*m = -0*o - 18. Let d(c) = 2*c - 6*c**2 + 13*c**2 - 8*c**2 - o + 7. Determine d(4).
-4
Let f(p) be the second derivative of p**3/6 + p**2 + 3*p. Give f(5).
7
Suppose 5*m + 2*r - 51 = 0, 6*m + 2*r - 24 = 4*m. Let u(s) = -2*s + 2. Calculate u(m).
-16
Let b(t) be the second derivative of t**4/12 + t**3 + t**2 + 11*t. Determine b(-6).
2
Let t(k) = k - 6. Let r be t(0). Let z = 5 + r. Let q(m) = m**2 + 2*m + 1. Determine q(z).
0
Let m(g) = -5*g**3 - 6*g**2 - 1. Let j(r) = -4*r**3 - 4*r**2 - 1. Let w(i) = -4*j(i) + 3*m(i). Calculate w(3).
10
Let u(s) = -s + 1. Let n(k) = k**2 + 3*k + 1. Let m be n(-5). Suppose 5*j - m = 19. Determine u(j).
-5
Let l(u) = -u**3 + 2*u**2 + 3*u + 4. Let r(s) = -s**3 + s**2 + 2*s + 3. Let t(n) = -4*l(n) + 5*r(n). Give t(-2).
-1
Let u(w) = 12*w**2 + 1 - 12*w**2 + 8*w**3. Give u(1).
9
Let y(h) = -h**2 + h. Let b be y(1). Let w(g) be the first derivative of -1/2*g**2 + 1/4*g**4 + 1 + 1/3*g**3 + 2*g. What is w(b)?
2
Let k(g) = -2*g**2 + 12*g + 11. Let f(o) = -o**2 + 8*o + 7. Let l(s) = 8*f(s) - 5*k(s). Give l(-4).
17
Let i(z) = -3*z**3 - 5*z**2 + 0 + 4 + 2*z**3 - 1. Calculate i(-5).
3
Let m(c) be the third derivative of c**6/40 + c**5/60 + 10*c**2. What is m(-1)?
-2
Let k be 46/(-10) - (-16)/(-40). Let j(q) = -q**3 - 5*q**2 + 4*q + 7. Calculate j(k).
-13
Suppose c - g = 8, 0*c + 3*g = 4*c - 27. Let m(x) = 3*x**3 + 0*x**c + 4*x - 3 - 2*x**3 + 3*x**2 - 5*x. Determine m(-3).
0
Let k(c) = -c**3 - 6*c**2 - c - 8. Suppose 4*y - 3*d = -28, 5*y - 2*d = -0*d - 42. Let z = 4 + y. What is k(z)?
-2
Suppose -12*v = -59 + 107. Let h(g) = -8*g**3 - 4*g**2 - 8*g. Let y(o) = -7*o**3 - 4*o**2 - 7*o. Let m(t) = 6*h(t) - 7*y(t). Determine m(v).
-4
Let o(s) = s**3 + 6*s**2 - 2*s - 9. Suppose -4*u + 10 = -2*l - 22, 34 = 4*u - 3*l. Suppose -u + 13 = -a. Determine o(a).
3
Let x(a) = a**2 + a - 1. Let s(n) = n**2 + 12*n + 14. Let c be s(-11). Let l(k) = 5*k**2 + 4*k - 5. Let f(i) = c*x(i) - l(i). What is f(-2)?
-4
Let b(y) = y + 1 + y + y**2 - y. Let d(g) = g**3 - 3*g**2 - 4*g - 2. Let x be ((-128)/(-48))/(2/3). Let s be d(x). Calculate b(s).
3
Let z(n) = -2*n + 9. Let p be z(4). Let v(q) be the first derivative of -1/4*q**4 - p + 5/3*q**3 + 7*q - 1/2*q**2. Determine v(5).
2
Let g(y) = 2*y**3 + 3*y**2 - 4*y - 4. Let k(c) = 3*c**3 + 6*c**2 - 7*c - 7. Let r(p) = 5*g(p) - 3*k(p). Let z = 7 - 5. What is r(z)?
-1
Let i(r) = -r**3 - 4*r. Let d(n) = n**3 - n**2 + 5*n + 1. Let z(x) = 4*d(x) + 5*i(x). Calculate z(-4).
4
Let m = 5 - 8. Let j(p) = 2*p + 4. Give j(m).
-2
Suppose -3*d + 5*s = -16, -s - 1 = -4*d - 8. Let w(y) = y**2 